{"id":1492,"date":"2020-03-21T00:29:50","date_gmt":"2020-03-20T23:29:50","guid":{"rendered":"https:\/\/el.us.edu.pl\/cko\/?page_id=1492"},"modified":"2020-05-28T00:36:05","modified_gmt":"2020-05-27T22:36:05","slug":"moodle-wideoporadniki","status":"publish","type":"page","link":"https:\/\/el.us.edu.pl\/cko\/?page_id=1492","title":{"rendered":"Moodle &#8211; tutoriale wideo"},"content":{"rendered":"\n<div id=\"bookmarks\" class=\"accordion bm-help\">\n<div class=\"card\">\n<div id=\"bookmark1\" class=\"card-header\" data-toggle=\"collapse\" data-target=\"#collapseOne\" aria-expanded=\"false\" aria-controls=\"collapseOne\">\n<h3 class=\"mb-0\">Jak znale\u017a\u0107 platform\u0119 swojego wydzia\u0142u?<\/h3>\n<\/div>\n<div id=\"collapseOne\" class=\"collapse\" aria-labelledby=\"bookmark1\" data-parent=\"#bookmarks\">\n<div class=\"card-body\">\n<div class=\"embed-responsive embed-responsive-16by9\"><iframe class=\"embed-responsive-item\" src=\"https:\/\/www.youtube.com\/embed\/Wf4ErvU8Zww?list=PL74e9uLPtEwOHH_Q5_di8zdoB7L4tzsvZ\" frameborder=\"0\" allowfullscreen=\"allowfullscreen\"><\/iframe><\/div>\n<\/div>\n<\/div>\n<\/div>\n<div class=\"card\">\n<div id=\"bookmark2\" class=\"card-header\" data-toggle=\"collapse\" data-target=\"#collapseTwo\" aria-expanded=\"false\" aria-controls=\"collapseTwo\">\n<h3 class=\"mb-0\">Jak zalogowa\u0107 si\u0119 do platformy wydzia\u0142u?<\/h3>\n<\/div>\n<div id=\"collapseTwo\" class=\"collapse\" aria-labelledby=\"bookmark2\" data-parent=\"#bookmarks\">\n<div class=\"card-body\">\n<div class=\"embed-responsive embed-responsive-16by9\"><iframe class=\"embed-responsive-item\" src=\"https:\/\/www.youtube.com\/embed\/JQVN6sxxcwI?list=PL74e9uLPtEwOHH_Q5_di8zdoB7L4tzsvZ\" frameborder=\"0\" allowfullscreen=\"allowfullscreen\"><\/iframe><\/div>\n<\/div>\n<\/div>\n<\/div>\n<div class=\"card\">\n<div id=\"bookmark3\" class=\"card-header\" data-toggle=\"collapse\" data-target=\"#collapseThree\" aria-expanded=\"false\" aria-controls=\"collapseThree\">\n<h3 class=\"mb-0\">Jak zam\u00f3wi\u0107 kurs?<\/h3>\n<\/div>\n<div id=\"collapseThree\" class=\"collapse\" aria-labelledby=\"bookmark3\" data-parent=\"#bookmarks\">\n<div class=\"card-body\">\n<div class=\"embed-responsive embed-responsive-16by9\"><iframe class=\"embed-responsive-item\" src=\"https:\/\/www.youtube.com\/embed\/aW9HNwFeXfs?list=PL74e9uLPtEwOHH_Q5_di8zdoB7L4tzsvZ\" frameborder=\"0\" allowfullscreen=\"allowfullscreen\"><\/iframe><\/div>\n<\/div>\n<\/div>\n<\/div>\n<div class=\"card\">\n<div id=\"bookmark4\" class=\"card-header\" data-toggle=\"collapse\" data-target=\"#collapseFour\" aria-expanded=\"false\" aria-controls=\"collapseFour\">\n<h3 class=\"mb-0\">Jak rozpocz\u0105\u0107 prac\u0119 z kursem?<\/h3>\n<\/div>\n<div id=\"collapseFour\" class=\"collapse\" aria-labelledby=\"bookmark4\" data-parent=\"#bookmarks\">\n<div class=\"card-body\">\n<div class=\"embed-responsive embed-responsive-16by9\"><iframe class=\"embed-responsive-item\" src=\"https:\/\/www.youtube.com\/embed\/PLGYBYj3gIY?list=PL74e9uLPtEwOHH_Q5_di8zdoB7L4tzsvZ\" frameborder=\"0\" allowfullscreen=\"allowfullscreen\"><\/iframe><\/div>\n<\/div>\n<\/div>\n<\/div>\n<div class=\"card\">\n<div id=\"bookmark5\" class=\"card-header\" data-toggle=\"collapse\" data-target=\"#collapseFive\" aria-expanded=\"false\" aria-controls=\"collapseFive\">\n<h3 class=\"mb-0\">Jak zmieni\u0107 nazw\u0119 element\u00f3w kursu oraz ich kolejno\u015b\u0107?<\/h3>\n<\/div>\n<div id=\"collapseFive\" class=\"collapse\" aria-labelledby=\"bookmark5\" data-parent=\"#bookmarks\">\n<div class=\"card-body\">\n<div class=\"embed-responsive embed-responsive-16by9\"><iframe class=\"embed-responsive-item\" src=\"https:\/\/www.youtube.com\/embed\/SQJi-fDKJsw?list=PL74e9uLPtEwOHH_Q5_di8zdoB7L4tzsvZ\" frameborder=\"0\" allowfullscreen=\"allowfullscreen\"><\/iframe><\/div>\n<\/div>\n<\/div>\n<\/div>\n<div class=\"card\">\n<div id=\"bookmark6\" class=\"card-header\" data-toggle=\"collapse\" data-target=\"#collapseSix\" aria-expanded=\"false\" aria-controls=\"collapseSix\">\n<h3 class=\"mb-0\">Jak doda\u0107 link do zewn\u0119trznej strony www?<\/h3>\n<\/div>\n<div id=\"collapseSix\" class=\"collapse\" aria-labelledby=\"bookmark6\" data-parent=\"#bookmarks\">\n<div class=\"card-body\">\n<div class=\"embed-responsive embed-responsive-16by9\"><iframe class=\"embed-responsive-item\" src=\"https:\/\/www.youtube.com\/embed\/kwaFulFmlSQ?list=PL74e9uLPtEwOHH_Q5_di8zdoB7L4tzsvZ\" frameborder=\"0\" allowfullscreen=\"allowfullscreen\"><\/iframe><\/div>\n<\/div>\n<\/div>\n<\/div>\n<div class=\"card\">\n<div id=\"bookmark7\" class=\"card-header\" data-toggle=\"collapse\" data-target=\"#collapseSeven\" aria-expanded=\"false\" aria-controls=\"collapseSeven\">\n<h3 class=\"mb-0\">Jak umie\u015bci\u0107 w kursie dowolne pliki dydaktyczne?<\/h3>\n<\/div>\n<div id=\"collapseSeven\" class=\"collapse\" aria-labelledby=\"bookmark7\" data-parent=\"#bookmarks\">\n<div class=\"card-body\">\n<div class=\"embed-responsive embed-responsive-16by9\"><iframe class=\"embed-responsive-item\" src=\"https:\/\/www.youtube.com\/embed\/8wNbq2xFC-k?list=PL74e9uLPtEwOHH_Q5_di8zdoB7L4tzsvZ\" frameborder=\"0\" allowfullscreen=\"allowfullscreen\"><\/iframe><\/div>\n<\/div>\n<\/div>\n<\/div>\n<div class=\"card\">\n<div id=\"bookmark8\" class=\"card-header\" data-toggle=\"collapse\" data-target=\"#collapseEight\" aria-expanded=\"false\" aria-controls=\"collapseEight\">\n<h3 class=\"mb-0\">Jak doda\u0107 zadanie umo\u017cliwiaj\u0105ce przes\u0142anie odpowiedzi w formie pliku?<\/h3>\n<\/div>\n<div id=\"collapseEight\" class=\"collapse\" aria-labelledby=\"bookmark8\" data-parent=\"#bookmarks\">\n<div class=\"card-body\">\n<div class=\"embed-responsive embed-responsive-16by9\"><iframe class=\"embed-responsive-item\" src=\"https:\/\/www.youtube.com\/embed\/V-PtDMKjsB8?list=PL74e9uLPtEwOHH_Q5_di8zdoB7L4tzsvZ\" frameborder=\"0\" allowfullscreen=\"allowfullscreen\"><\/iframe><\/div>\n<\/div>\n<\/div>\n<\/div>\n<div class=\"card\">\n<div id=\"bookmark9\" class=\"card-header\" data-toggle=\"collapse\" data-target=\"#collapseNine\" aria-expanded=\"false\" aria-controls=\"collapseNine\">\n<h3 class=\"mb-0\">Jak umie\u015bci\u0107 czat w kursie?<\/h3>\n<\/div>\n<div id=\"collapseNine\" class=\"collapse\" aria-labelledby=\"bookmark9\" data-parent=\"#bookmarks\">\n<div class=\"card-body\">\n<div class=\"embed-responsive embed-responsive-16by9\"><iframe class=\"embed-responsive-item\" src=\"https:\/\/www.youtube.com\/embed\/T_u6RbGcf58?list=PL74e9uLPtEwOHH_Q5_di8zdoB7L4tzsvZ\" frameborder=\"0\" allowfullscreen=\"allowfullscreen\"><\/iframe><\/div>\n<\/div>\n<\/div>\n<\/div>\n<div class=\"card\">\n<div id=\"bookmark10\" class=\"card-header\" data-toggle=\"collapse\" data-target=\"#collapseTen\" aria-expanded=\"false\" aria-controls=\"collapseTen\">\n<h3 class=\"mb-0\">Jak doda\u0107 forum dyskusyjne?<\/h3>\n<\/div>\n<div id=\"collapseTen\" class=\"collapse\" aria-labelledby=\"bookmark10\" data-parent=\"#bookmarks\">\n<div class=\"card-body\">\n<div class=\"embed-responsive embed-responsive-16by9\"><iframe class=\"embed-responsive-item\" src=\"https:\/\/www.youtube.com\/embed\/Q7dOwPsk9qo?list=PL74e9uLPtEwOHH_Q5_di8zdoB7L4tzsvZ\" frameborder=\"0\" allowfullscreen=\"allowfullscreen\"><\/iframe><\/div>\n<\/div>\n<\/div>\n<\/div>\n<div class=\"card\">\n<div id=\"bookmark11\" class=\"card-header\" data-toggle=\"collapse\" data-target=\"#collapseEleven\" aria-expanded=\"false\" aria-controls=\"collapseEleven\">\n<h3 class=\"mb-0\">Jak doda\u0107 kr\u00f3tki opis tematu na g\u0142\u00f3wnej stronie kursu?<\/h3>\n<\/div>\n<div id=\"collapseEleven\" class=\"collapse\" aria-labelledby=\"bookmark11\" data-parent=\"#bookmarks\">\n<div class=\"card-body\">\n<div class=\"embed-responsive embed-responsive-16by9\"><iframe class=\"embed-responsive-item\" src=\"https:\/\/www.youtube.com\/embed\/DgT7bIUbbmQ?list=PL74e9uLPtEwOHH_Q5_di8zdoB7L4tzsvZ\" frameborder=\"0\" allowfullscreen=\"allowfullscreen\"><\/iframe><\/div>\n<\/div>\n<\/div>\n<\/div>\n<div class=\"card\">\n<div id=\"bookmark12\" class=\"card-header\" data-toggle=\"collapse\" data-target=\"#collapseTwelve\" aria-expanded=\"false\" aria-controls=\"collapseTwelve\">\n<h3 class=\"mb-0\">Jak doda\u0107 kr\u00f3tki opis pomi\u0119dzy sk\u0142adowymi kursu?<\/h3>\n<\/div>\n<div id=\"collapseTwelve\" class=\"collapse\" aria-labelledby=\"bookmark12\" data-parent=\"#bookmarks\">\n<div class=\"card-body\">\n<div class=\"embed-responsive embed-responsive-16by9\"><iframe class=\"embed-responsive-item\" src=\"https:\/\/www.youtube.com\/embed\/AR2HAK7ov2Y?list=PL74e9uLPtEwOHH_Q5_di8zdoB7L4tzsvZ\" frameborder=\"0\" allowfullscreen=\"allowfullscreen\"><\/iframe><\/div>\n<\/div>\n<\/div>\n<\/div>\n<div class=\"card\">\n<div id=\"bookmark13\" class=\"card-header\" data-toggle=\"collapse\" data-target=\"#collapseThirteen\" aria-expanded=\"false\" aria-controls=\"collapseThirteen\">\n<h3 class=\"mb-0\">Jak doda\u0107 d\u0142u\u017csz\u0105 tre\u015b\u0107 do kursu?<\/h3>\n<\/div>\n<div id=\"collapseThirteen\" class=\"collapse\" aria-labelledby=\"bookmark13\" data-parent=\"#bookmarks\">\n<div class=\"card-body\">\n<div class=\"embed-responsive embed-responsive-16by9\"><iframe class=\"embed-responsive-item\" src=\"https:\/\/www.youtube.com\/embed\/W-wXQuf_pdM?list=PL74e9uLPtEwOHH_Q5_di8zdoB7L4tzsvZ\" frameborder=\"0\" allowfullscreen=\"allowfullscreen\"><\/iframe><\/div>\n<\/div>\n<\/div>\n<\/div>\n<div class=\"card\">\n<div id=\"bookmark14\" class=\"card-header\" data-toggle=\"collapse\" data-target=\"#collapseFourteen\" aria-expanded=\"false\" aria-controls=\"collapseFourteen\">\n<h3 class=\"mb-0\">Jak otworzy\u0107 kurs dla student\u00f3w bez podzia\u0142u na grupy?<\/h3>\n<\/div>\n<div id=\"collapseFourteen\" class=\"collapse\" aria-labelledby=\"bookmark14\" data-parent=\"#bookmarks\">\n<div class=\"card-body\">\n<div class=\"embed-responsive embed-responsive-16by9\"><iframe class=\"embed-responsive-item\" src=\"https:\/\/www.youtube.com\/embed\/4YZ5ft0H2QQ?list=PL74e9uLPtEwOHH_Q5_di8zdoB7L4tzsvZ\" frameborder=\"0\" allowfullscreen=\"allowfullscreen\"><\/iframe><\/div>\n<\/div>\n<\/div>\n<\/div>\n<div class=\"card\">\n<div id=\"bookmark15\" class=\"card-header\" data-toggle=\"collapse\" data-target=\"#collapseFifteen\" aria-expanded=\"false\" aria-controls=\"collapseFifteen\">\n<h3 class=\"mb-0\">Jak wys\u0142a\u0107 z kursu informacj\u0119 do ca\u0142ej grupy lub wybranych os\u00f3b?<\/h3>\n<\/div>\n<div id=\"collapseFifteen\" class=\"collapse\" aria-labelledby=\"bookmark15\" data-parent=\"#bookmarks\">\n<div class=\"card-body\">\n<div class=\"embed-responsive embed-responsive-16by9\"><iframe class=\"embed-responsive-item\" src=\"https:\/\/www.youtube.com\/embed\/wz2bzzONG9k?list=PL74e9uLPtEwOHH_Q5_di8zdoB7L4tzsvZ\" frameborder=\"0\" allowfullscreen=\"allowfullscreen\"><\/iframe><\/div>\n<\/div>\n<\/div>\n<\/div>\n<div class=\"card\">\n<div id=\"bookmark16\" class=\"card-header\" data-toggle=\"collapse\" data-target=\"#collapseSixteen\" aria-expanded=\"false\" aria-controls=\"collapseSixteen\">\n<h3 class=\"mb-0\">Jak otworzy\u0107 kurs dla student\u00f3w z podzia\u0142em na grupy?<\/h3>\n<\/div>\n<div id=\"collapseSixteen\" class=\"collapse\" aria-labelledby=\"bookmark16\" data-parent=\"#bookmarks\">\n<div class=\"card-body\">\n<div class=\"embed-responsive embed-responsive-16by9\"><iframe class=\"embed-responsive-item\" src=\"https:\/\/www.youtube.com\/embed\/gQ5RfVo1nhU?list=PL74e9uLPtEwOHH_Q5_di8zdoB7L4tzsvZ\" frameborder=\"0\" allowfullscreen=\"allowfullscreen\"><\/iframe><\/div>\n<\/div>\n<\/div>\n<\/div>\n<div class=\"card\">\n<div id=\"bookmark17\" class=\"card-header\" data-toggle=\"collapse\" data-target=\"#collapseSeventeen\" aria-expanded=\"false\" aria-controls=\"collapseSeventeen\">\n<h3 class=\"mb-0\">Jak ukry\u0107 elementy kursu i zobaczy\u0107 jak nasz kurs widzi student?<\/h3>\n<\/div>\n<div id=\"collapseSeventeen\" class=\"collapse\" aria-labelledby=\"bookmark17\" data-parent=\"#bookmarks\">\n<div class=\"card-body\">\n<div class=\"embed-responsive embed-responsive-16by9\"><iframe class=\"embed-responsive-item\" src=\"https:\/\/www.youtube.com\/embed\/bgXYWQnfBlY?list=PL74e9uLPtEwOHH_Q5_di8zdoB7L4tzsvZ\" frameborder=\"0\" allowfullscreen=\"allowfullscreen\"><\/iframe><\/div>\n<\/div>\n<\/div>\n<\/div>\n<div class=\"card\">\n<div id=\"bookmark18\" class=\"card-header\" data-toggle=\"collapse\" data-target=\"#collapseEighteen\" aria-expanded=\"false\" aria-controls=\"collapseEighteen\">\n<h3 class=\"mb-0\">Jak doda\u0107 quiz czyli zestaw pyta\u0144 samosprawdzaj\u0105cych?<\/h3>\n<\/div>\n<div id=\"collapseEighteen\" class=\"collapse\" aria-labelledby=\"bookmark18\" data-parent=\"#bookmarks\">\n<div class=\"card-body\">\n<div class=\"embed-responsive embed-responsive-16by9\"><iframe class=\"embed-responsive-item\" src=\"https:\/\/www.youtube.com\/embed\/idIOQpREwAs?list=PL74e9uLPtEwOHH_Q5_di8zdoB7L4tzsvZ\" frameborder=\"0\" allowfullscreen=\"allowfullscreen\"><\/iframe><\/div>\n<\/div>\n<\/div>\n<\/div>\n<div class=\"card\">\n<div id=\"bookmark19\" class=\"card-header\" data-toggle=\"collapse\" data-target=\"#collapseNineteen\" aria-expanded=\"false\" aria-controls=\"collapseNineteen\">\n<h3 class=\"mb-0\">Jak do quizu doda\u0107 pytanie prawda fa\u0142sz?<\/h3>\n<\/div>\n<div id=\"collapseNineteen\" class=\"collapse\" aria-labelledby=\"bookmark19\" data-parent=\"#bookmarks\">\n<div class=\"card-body\">\n<div class=\"embed-responsive embed-responsive-16by9\"><iframe class=\"embed-responsive-item\" src=\"https:\/\/www.youtube.com\/embed\/Xg3DXj-XTgM?list=PL74e9uLPtEwOHH_Q5_di8zdoB7L4tzsvZ\" frameborder=\"0\" allowfullscreen=\"allowfullscreen\"><\/iframe><\/div>\n<\/div>\n<\/div>\n<\/div>\n<div class=\"card\">\n<div id=\"bookmark20\" class=\"card-header\" data-toggle=\"collapse\" data-target=\"#collapseTwenty\" aria-expanded=\"false\" aria-controls=\"collapseTwenty\">\n<h3 class=\"mb-0\">Jak do quizu doda\u0107 pytanie jednokrotnego wyboru?<\/h3>\n<\/div>\n<div id=\"collapseTwenty\" class=\"collapse\" aria-labelledby=\"bookmark20\" data-parent=\"#bookmarks\">\n<div class=\"card-body\">\n<div class=\"embed-responsive embed-responsive-16by9\"><iframe class=\"embed-responsive-item\" src=\"https:\/\/www.youtube.com\/embed\/QH484ak0hQs?list=PL74e9uLPtEwOHH_Q5_di8zdoB7L4tzsvZ\" frameborder=\"0\" allowfullscreen=\"allowfullscreen\"><\/iframe><\/div>\n<\/div>\n<\/div>\n<\/div>\n<div class=\"card\">\n<div id=\"bookmark21\" class=\"card-header\" data-toggle=\"collapse\" data-target=\"#collapseTwentyOne\" aria-expanded=\"false\" aria-controls=\"collapseTwentyOne\">\n<h3 class=\"mb-0\">Jak do quizu doda\u0107 pytanie wielokrotnego wyboru?<\/h3>\n<\/div>\n<div id=\"collapseTwentyOne\" class=\"collapse\" aria-labelledby=\"bookmark21\" data-parent=\"#bookmarks\">\n<div class=\"card-body\">\n<div class=\"embed-responsive embed-responsive-16by9\"><iframe class=\"embed-responsive-item\" src=\"https:\/\/www.youtube.com\/embed\/TR58-IotJtU?list=PL74e9uLPtEwOHH_Q5_di8zdoB7L4tzsvZ\" frameborder=\"0\" allowfullscreen=\"allowfullscreen\"><\/iframe><\/div>\n<\/div>\n<\/div>\n<\/div>\n<div class=\"card\">\n<div id=\"bookmark22\" class=\"card-header\" data-toggle=\"collapse\" data-target=\"#collapseTwentyTwo\" aria-expanded=\"false\" aria-controls=\"collapseTwentyTwo\">\n<h3 class=\"mb-0\">Jak do quizu doda\u0107 pytanie tzw. kr\u00f3tkiej odpowiedzi?<\/h3>\n<\/div>\n<div id=\"collapseTwentyTwo\" class=\"collapse\" aria-labelledby=\"bookmark22\" data-parent=\"#bookmarks\">\n<div class=\"card-body\">\n<div class=\"embed-responsive embed-responsive-16by9\"><iframe class=\"embed-responsive-item\" src=\"https:\/\/www.youtube.com\/embed\/o1lD2PDEa3Q?list=PL74e9uLPtEwOHH_Q5_di8zdoB7L4tzsvZ\" frameborder=\"0\" allowfullscreen=\"allowfullscreen\"><\/iframe><\/div>\n<\/div>\n<\/div>\n<\/div>\n<div class=\"card\">\n<div id=\"bookmark23\" class=\"card-header\" data-toggle=\"collapse\" data-target=\"#collapseTwentyThree\" aria-expanded=\"false\" aria-controls=\"collapseTwentyThree\">\n<h3 class=\"mb-0\">Jak utworzy\u0107 szybkie g\u0142osowanie?<\/h3>\n<\/div>\n<div id=\"collapseTwentyThree\" class=\"collapse\" aria-labelledby=\"bookmark23\" data-parent=\"#bookmarks\">\n<div class=\"card-body\">\n<div class=\"embed-responsive embed-responsive-16by9\"><iframe class=\"embed-responsive-item\" src=\"https:\/\/www.youtube.com\/embed\/fo_CcDhdzfE?list=PL74e9uLPtEwOHH_Q5_di8zdoB7L4tzsvZ\" frameborder=\"0\" allowfullscreen=\"allowfullscreen\"><\/iframe><\/div>\n<\/div>\n<\/div>\n<\/div>\n<div class=\"card\">\n<div id=\"bookmark24\" class=\"card-header\" data-toggle=\"collapse\" data-target=\"#collapseTwentyFour\" aria-expanded=\"false\" aria-controls=\"collapseTwentyFour\">\n<h3 class=\"mb-0\">Jak doda\u0107 s\u0142ownik poj\u0119\u0107?<\/h3>\n<\/div>\n<div id=\"collapseTwentyFour\" class=\"collapse\" aria-labelledby=\"bookmark24\" data-parent=\"#bookmarks\">\n<div class=\"card-body\">\n<div class=\"embed-responsive embed-responsive-16by9\"><iframe class=\"embed-responsive-item\" src=\"https:\/\/www.youtube.com\/embed\/w4ozSnaiffM?list=PL74e9uLPtEwOHH_Q5_di8zdoB7L4tzsvZ\" frameborder=\"0\" allowfullscreen=\"allowfullscreen\"><\/iframe><\/div>\n<\/div>\n<\/div>\n<\/div>\n<div class=\"card\">\n<div id=\"bookmark25\" class=\"card-header\" data-toggle=\"collapse\" data-target=\"#collapseTwentyFive\" aria-expanded=\"false\" aria-controls=\"collapseTwentyFive\">\n<h3 class=\"mb-0\">Jak sprawdzi\u0107 obecno\u015b\u0107 na zaj\u0119ciach?<\/h3>\n<\/div>\n<div id=\"collapseTwentyFive\" class=\"collapse\" aria-labelledby=\"bookmark25\" data-parent=\"#bookmarks\">\n<div class=\"card-body\">\n<div class=\"embed-responsive embed-responsive-16by9\"><iframe class=\"embed-responsive-item\" src=\"https:\/\/www.youtube.com\/embed\/ST0S5txd5iE?list=PL74e9uLPtEwOHH_Q5_di8zdoB7L4tzsvZ\" frameborder=\"0\" allowfullscreen=\"allowfullscreen\"><\/iframe><\/div>\n<\/div>\n<\/div>\n<\/div>\n<div class=\"card\">\n<div id=\"bookmark26\" class=\"card-header\" data-toggle=\"collapse\" data-target=\"#collapseTwentySix\" aria-expanded=\"false\" aria-controls=\"collapseTwentySix\">\n<h3 class=\"mb-0\">Jak doda\u0107 zadanie, kt\u00f3re studenci maj\u0105 odda\u0107 w grupach?<\/h3>\n<\/div>\n<div id=\"collapseTwentySix\" class=\"collapse\" aria-labelledby=\"bookmark26\" data-parent=\"#bookmarks\">\n<div class=\"card-body\">\n<div class=\"embed-responsive embed-responsive-16by9\"><iframe class=\"embed-responsive-item\" src=\"https:\/\/www.youtube.com\/embed\/VSODIlUK0N8?list=PL74e9uLPtEwOHH_Q5_di8zdoB7L4tzsvZ\" frameborder=\"0\" allowfullscreen=\"allowfullscreen\"><\/iframe><\/div>\n<\/div>\n<\/div>\n<\/div>\n<div class=\"card\">\n<div id=\"bookmark27\" class=\"card-header\" data-toggle=\"collapse\" data-target=\"#collapseTwentySeven\" aria-expanded=\"false\" aria-controls=\"collapseTwentySeven\">\n<h3 class=\"mb-0\">S\u0142ownik poj\u0119\u0107, tworzony przez student\u00f3w, a wpisy oceniane przez prowadz\u0105cego?<\/h3>\n<\/div>\n<div id=\"collapseTwentySeven\" class=\"collapse\" aria-labelledby=\"bookmark27\" data-parent=\"#bookmarks\">\n<div class=\"card-body\">\n<div class=\"embed-responsive embed-responsive-16by9\"><iframe class=\"embed-responsive-item\" src=\"https:\/\/www.youtube.com\/embed\/2jzAOSROOjA?list=PL74e9uLPtEwOHH_Q5_di8zdoB7L4tzsvZ\" frameborder=\"0\" allowfullscreen=\"allowfullscreen\"><\/iframe><\/div>\n<\/div>\n<\/div>\n<\/div>\n<div class=\"card\">\n<div id=\"bookmark28\" class=\"card-header\" data-toggle=\"collapse\" data-target=\"#collapseTwentyEight\" aria-expanded=\"false\" aria-controls=\"collapseTwentyEight\">\n<h3 class=\"mb-0\">Jak automatycznie udost\u0119pnia\u0107 oraz zamyka\u0107 kolejne tematy lub pojedyncze sk\u0142adowe?<\/h3>\n<\/div>\n<div id=\"collapseTwentyEight\" class=\"collapse\" aria-labelledby=\"bookmark28\" data-parent=\"#bookmarks\">\n<div class=\"card-body\">\n<div class=\"embed-responsive embed-responsive-16by9\"><iframe class=\"embed-responsive-item\" src=\"https:\/\/www.youtube.com\/embed\/f9kl14tzs2w?list=PL74e9uLPtEwOHH_Q5_di8zdoB7L4tzsvZ\" frameborder=\"0\" allowfullscreen=\"allowfullscreen\"><\/iframe><\/div>\n<\/div>\n<\/div>\n<\/div>\n<div class=\"card\">\n<div id=\"bookmark29\" class=\"card-header\" data-toggle=\"collapse\" data-target=\"#collapseTwentyNine\" aria-expanded=\"false\" aria-controls=\"collapseTwentyNine\">\n<h3 class=\"mb-0\">Jak wygl\u0105da ocenianie w systemie Moodle?<\/h3>\n<\/div>\n<div id=\"collapseTwentyNine\" class=\"collapse\" aria-labelledby=\"bookmark29\" data-parent=\"#bookmarks\">\n<div class=\"card-body\">\n<div class=\"embed-responsive embed-responsive-16by9\"><iframe class=\"embed-responsive-item\" src=\"https:\/\/www.youtube.com\/embed\/1WAAB_2Kg_k?list=PL74e9uLPtEwOHH_Q5_di8zdoB7L4tzsvZ\" frameborder=\"0\" allowfullscreen=\"allowfullscreen\"><\/iframe><\/div>\n<\/div>\n<\/div>\n<\/div>\n<div class=\"card\">\n<div id=\"bookmark30\" class=\"card-header\" data-toggle=\"collapse\" data-target=\"#collapseThirty\" aria-expanded=\"false\" aria-controls=\"collapseThirty\">\n<h3 class=\"mb-0\">Jak doda\u0107 i do czego s\u0142u\u017cy aktywno\u015b\u0107 lekcja?<\/h3>\n<\/div>\n<div id=\"collapseThirty\" class=\"collapse\" aria-labelledby=\"bookmark30\" data-parent=\"#bookmarks\">\n<div class=\"card-body\">\n<div class=\"embed-responsive embed-responsive-16by9\"><iframe class=\"embed-responsive-item\" src=\"https:\/\/www.youtube.com\/embed\/CRD2f455ElI?list=PL74e9uLPtEwOHH_Q5_di8zdoB7L4tzsvZ\" frameborder=\"0\" allowfullscreen=\"allowfullscreen\"><\/iframe><\/div>\n<\/div>\n<\/div>\n<\/div>\n<div class=\"card\">\n<div id=\"bookmark31\" class=\"card-header\" data-toggle=\"collapse\" data-target=\"#collapseThirtyOne\" aria-expanded=\"false\" aria-controls=\"collapseThirtyOne\">\n<h3 class=\"mb-0\">Jak doda\u0107 ankiet\u0119 lub kwestionariusz?<\/h3>\n<\/div>\n<div id=\"collapseThirtyOne\" class=\"collapse\" aria-labelledby=\"bookmark31\" data-parent=\"#bookmarks\">\n<div class=\"card-body\">\n<div class=\"embed-responsive embed-responsive-16by9\"><iframe class=\"embed-responsive-item\" src=\"https:\/\/www.youtube.com\/embed\/-hfFYLctVxI?list=PL74e9uLPtEwOHH_Q5_di8zdoB7L4tzsvZ\" frameborder=\"0\" allowfullscreen=\"allowfullscreen\"><\/iframe><\/div>\n<\/div>\n<\/div>\n<\/div>\n<\/div>\n","protected":false},"excerpt":{"rendered":"<p>Jak znale\u017a\u0107 platform\u0119 swojego wydzia\u0142u? Jak zalogowa\u0107 si\u0119 do platformy wydzia\u0142u? Jak zam\u00f3wi\u0107 kurs? Jak rozpocz\u0105\u0107 prac\u0119 z kursem? Jak zmieni\u0107 nazw\u0119 element\u00f3w kursu oraz ich kolejno\u015b\u0107? Jak doda\u0107 link do zewn\u0119trznej strony www? Jak umie\u015bci\u0107 w kursie dowolne pliki dydaktyczne? Jak doda\u0107 zadanie umo\u017cliwiaj\u0105ce przes\u0142anie odpowiedzi w formie pliku? Jak umie\u015bci\u0107 czat w kursie? [&#8230;]<\/p>\n<p><a class=\"btn btn-secondary understrap-read-more-link\" href=\"https:\/\/el.us.edu.pl\/cko\/?page_id=1492\">Czytaj dalej\u2026<span class=\"screen-reader-text\"> from Moodle &#8211; tutoriale wideo<\/span><\/a><\/p>\n","protected":false},"author":4,"featured_media":0,"parent":0,"menu_order":0,"comment_status":"closed","ping_status":"closed","template":"","meta":{"footnotes":""},"class_list":["post-1492","page","type-page","status-publish","hentry"],"aioseo_notices":[],"_links":{"self":[{"href":"https:\/\/el.us.edu.pl\/cko\/index.php?rest_route=\/wp\/v2\/pages\/1492","targetHints":{"allow":["GET"]}}],"collection":[{"href":"https:\/\/el.us.edu.pl\/cko\/index.php?rest_route=\/wp\/v2\/pages"}],"about":[{"href":"https:\/\/el.us.edu.pl\/cko\/index.php?rest_route=\/wp\/v2\/types\/page"}],"author":[{"embeddable":true,"href":"https:\/\/el.us.edu.pl\/cko\/index.php?rest_route=\/wp\/v2\/users\/4"}],"replies":[{"embeddable":true,"href":"https:\/\/el.us.edu.pl\/cko\/index.php?rest_route=%2Fwp%2Fv2%2Fcomments&post=1492"}],"version-history":[{"count":13,"href":"https:\/\/el.us.edu.pl\/cko\/index.php?rest_route=\/wp\/v2\/pages\/1492\/revisions"}],"predecessor-version":[{"id":1555,"href":"https:\/\/el.us.edu.pl\/cko\/index.php?rest_route=\/wp\/v2\/pages\/1492\/revisions\/1555"}],"wp:attachment":[{"href":"https:\/\/el.us.edu.pl\/cko\/index.php?rest_route=%2Fwp%2Fv2%2Fmedia&parent=1492"}],"curies":[{"name":"wp","href":"https:\/\/api.w.org\/{rel}","templated":true}]}}